27
Let b(x) = x**2 - 22*x - 963. Give b(-22).
5
Let c(u) = -11*u**2 + 3*u + 1. Determine c(-2).
-49
Let c(d) = -d**2 - 39*d - 107. What is c(-36)?
1
Let s(t) = -7*t + 17. Calculate s(7).
-32
Let x(y) = -y**3 - 5*y**2 + 16*y + 79. Give x(-4).
-1
Let k(y) = y - 23. Calculate k(0).
-23
Let i(p) = p**2 + 12*p - 11. Determine i(-13).
2
Let k(q) = -q**2 - 5*q - 6. Give k(-7).
-20
Let z(t) = 10*t**2 + t. Calculate z(1).
11
Let z(w) = -5*w - 1. Determine z(-2).
9
Let n(w) = 25*w - 8. Calculate n(-2).
-58
Let l(p) = p**3 - 11*p**2 - 124*p + 20. Determine l(-7).
6
Let n(g) = 2*g**2 - 24*g + 33. Determine n(10).
-7
Let r(w) = -5*w - 16. Determine r(-2).
-6
Let l(q) = -2*q + 36. Give l(21).
-6
Let f(x) = 9*x**2 - 4*x + 4. What is f(1)?
9
Let f(n) = -6*n + 64. Determine f(11).
-2
Let h(i) = -i**3 - 14*i**2 + i - 26. Give h(-14).
-40
Let g(p) = p**2 + 12*p - 2. Determine g(-9).
-29
Let y(c) = 5*c - 36. Determine y(7).
-1
Let v(c) = -8*c - 2. Calculate v(-2).
14
Let m(d) = -d**3 - 5*d**2 + d - 4. Calculate m(-4).
-24
Let k(v) = -v**3 + 25*v**2 + 26*v + 3. Give k(26).
3
Let l(r) = -r**2 - 3*r + 5. Calculate l(6).
-49
Let z(t) = -4*t + 3. What is z(5)?
-17
Let x(d) = -d**3 - d**2 + 4*d - 1. What is x(-3)?
5
Let i(j) = -j**2 - 2*j + 5. Give i(4).
-19
Let r(m) = -m**2 - 5*m + 6. Give r(-5).
6
Let o(g) = 12*g + 383. What is o(-31)?
11
Let y(b) = -3*b + 46. Give y(13).
7
Let x(a) = 2*a**3 - 11*a**2 + 8*a + 4. Calculate x(4).
-12
Let p(f) = -7*f - 3. Determine p(-4).
25
Let k(p) = p**2 + 10*p + 19. Determine k(-8).
3
Let h(k) = -5*k**3 - 3*k**2 - 3*k - 1. Calculate h(-3).
116
Let n(k) = -3*k**2 - 10*k - 4. Determine n(-4).
-12
Let f(w) = w + 20. What is f(-14)?
6
Let n(x) = 8*x**3 + 4*x**2 + 4*x. Determine n(-1).
-8
Let r(t) = -t**3 + 18*t**2 - 22*t + 92. Calculate r(17).
7
Let b(n) = 5*n + 1. What is b(3)?
16
Let d(g) = -4*g**2 + g - 2. Calculate d(-2).
-20
Let i(s) = -2*s + 21. What is i(-5)?
31
Let l(u) = -3*u + 3. Give l(4).
-9
Let j(u) = u**2 - 12*u + 15. Calculate j(11).
4
Let b(m) = -m**3 + 7*m**2 - 9*m - 6. Give b(5).
-1
Let g(s) = 2*s**3 - 17*s**2 + 2*s + 60. Determine g(8).
12
Let j(f) = -42*f - 182. Determine j(-4).
-14
Let c(r) = -r**2 + 14*r + 31. Determine c(15).
16
Let n(u) = -u**3 + 15*u**2 + 4. Determine n(15).
4
Let w(n) = 13*n**2 + 1. What is w(1)?
14
Let q(a) = -a**2 - 21*a + 109. Determine q(-25).
9
Let t(q) = q**3 + 4*q**2 - 4*q - 6. Determine t(-6).
-54
Let z(c) = 34*c + 73. Determine z(-2).
5
Let j(d) = -d**3 + d**2 - 97. What is j(0)?
-97
Let j(h) = h**3 + 8*h**2 + 10*h + 5. Give j(-4).
29
Let t(u) = -u**2 - 4*u - 5. Determine t(-6).
-17
Let m(j) = -38*j + 509. What is m(13)?
15
Let l(q) = q**3 + 12*q**2 + 25. Calculate l(-12).
25
Let k(q) = q**3 - 19*q**2 + 37*q - 39. Calculate k(17).
12
Let v(h) = -h**3 + 10*h**2 - h + 2. Give v(10).
-8
Let f(d) = -d**2 - 11*d + 16. What is f(-17)?
-86
Let c(r) = -14*r + 32. Determine c(5).
-38
Let j(x) = -2*x**3 + 4*x**2 - 4. Give j(2).
-4
Let n(v) = 3*v + 77. What is n(-26)?
-1
Let d(f) = -f**3 - 8*f**2 + 9*f - 9. Determine d(-9).
-9
Let b(m) = m**3 - 18*m**2 + 36*m - 9. Calculate b(16).
55
Let m(i) = -i**2 + 9*i - 4. Determine m(6).
14
Let y(p) = -4*p - 25. Calculate y(-5).
-5
Let c(o) = o**2 + 5*o - 99. What is c(-13)?
5
Let k(j) = 100*j**2 - 3*j - 2. Give k(-1).
101
Let c(d) = -d**2 + 21*d - 17. Determine c(10).
93
Let s(j) = -5*j + 7. Determine s(-3).
22
Let t(l) = 8*l + 244. Give t(-23).
60
Let p(l) = l**3 - 12*l**2 - 14*l + 12. Determine p(13).
-1
Let z(s) = 2*s**3 - 31*s**2 + 44*s - 27. Give z(14).
1
Let n(r) = r**3 - 23*r**2 + 21*r - 2. Calculate n(22).
-24
Let n(i) = -i**2 - 19*i + 127. Give n(-25).
-23
Let d(k) = -k**2 - 17*k - 44. Determine d(-14).
-2
Let x(o) = -o**3 + 16*o**2 + 16*o + 20. Determine x(17).
3
Let t(z) = z**3 + 4*z**2 - z + 14. Calculate t(-5).
-6
Let p(d) = d**3 - 4*d**2 - d - 2. Calculate p(4).
-6
Let i(b) = -13*b + 7. What is i(-2)?
33
Let k(z) = z**2 + 30*z + 55. Give k(-28).
-1
Let s(o) = -o**3 - 16*o**2 - 32*o - 4. Give s(-13).
-95
Let j(z) = 32*z**3 + 1. Calculate j(-1).
-31
Let i(t) = -t + 11. Give i(13).
-2
Let m(v) = -v + 19. What is m(25)?
-6
Let v(l) = -l**3 + 2*l**2 + 23*l + 8. Give v(-4).
12
Let a(n) = n**2 - 14. What is a(7)?
35
Let t(u) = -u**2 - 8*u - 5. What is t(-6)?
7
Let y(u) = 6*u - 1. Determine y(-4).
-25
Let z(r) = -3*r - 5. What is z(-15)?
40
Let i(q) = -q**2 - 14*q - 48. What is i(-9)?
-3
Let z(w) = 10*w**2 - 42*w + 14. Give z(4).
6
Let z(w) = 16*w - 192. Determine z(12).
0
Let f(b) = -2*b**2 + 27*b - 31. Determine f(13).
-18
Let b(u) = -2*u**3 - u**2 - 4*u - 6. Give b(-3).
51
Let p(i) = -23*i**3 - i + 1. Calculate p(1).
-23
Let c(n) = -n**3 - 12*n**2 + 6. Determine c(-12).
6
Let u(x) = x**2 - 2*x + 9. Give u(-5).
44
Let r(f) = 7*f + 75. What is r(-10)?
5
Let r(s) = -5*s + 11. Calculate r(5).
-14
Let z(p) = p**3 + 10*p**2 - 24*p - 8. Calculate z(-12).
-8
Let t(y) = y + 5. Determine t(12).
17
Let j(h) = -5*h**2 - 13*h - 16. What is j(-5)?
-76
Let g(s) = -s**3 - 3*s**2 + 5*s + 14. Calculate g(-3).
-1
Let h(x) = -2*x**2 - 37*x - 100. Calculate h(-15).
5
Let g(x) = 2*x**2 - 19*x - 14. Determine g(10).
-4
Let t(v) = -v**3 - 7*v**2 + 11*v + 6. Determine t(-8).
-18
Let b(s) = s**2 - 15*s - 9. Calculate b(8).
-65
Let r(j) = -6*j + 2. Give r(-3).
20
Let n(s) = s**2 + 12*s + 8. What is n(-8)?
-24
Let v(f) = -f**3 + 17*f**2 - f + 22. Calculate v(17).
5
Let z(q) = 5*q**2 - 19*q - 1. What is z(4)?
3
Let z(b) = -25*b - 5. What is z(-1)?
20
Let t(m) = m**2 - 11*m + 41. Calculate t(6).
11
Let j(p) = p**2 + 4*p + 7. Give j(-3).
4
Let l(b) = 2*b**2 - 10*b + 38. Calculate l(7).
66
Let k(d) = -8*d - 5. Determine k(-8).
59
Let g(k) = k**2 + 12*k + 28. Determine g(-12).
28
Let n(y) = 12*y - 18. Determine n(2).
6
Let s(c) = -97*c + 9. What is s(0)?
9
Let b(z) = 8*z**3 - 3*z**2 - z + 1. What is b(-1)?
-9
Let s(j) = -5*j - 11. Calculate s(-6).
19
Let t(j) = -2*j**3 - 6*j**2 - 7*j - 8. What is t(-4)?
52
Let u(g) = -6*g - 7. Calculate u(-25).
143
Let r(u) = 2*u - 1. Calculate r(-2).
-5
Let y(q) = 3*q + 25. Determine y(-7).
4
Let u(q) = -q**2 + 3*q - 4. Determine u(2).
-2
Let k(q) = 3*q - 24. Determine k(9).
3
Let n(q) = -q + 4. Calculate n(8).
-4
Let t(x) = -x**2 - 33*x - 38. What is t(-32)?
-6
Let q(h) = 2*h - 40. Calculate q(0).
-40
Let j(b) = 12*b - 19. What is j(2)?
5
Let u(w) = -w**2 - 33*w + 32. Give u(-34).
-2
Let c(o) = -2*o**2 - o - 2. Determine c(0).
-2
Let u(j) = -j**3 - 6*j**2 - 2*j - 5. Determine u(-6).
7
Let c(n) = -n**3 - 13*n**2 - 13*n + 2. Give c(-12).
14
Let j(p) = p + 23. What is j(-5)?
18
Let k(c) = 2*c + 1. Calculate k(7).
15
Let i(b) = -b**3 - 7*b**2 - 4*b + 11. Determine i(-6).
-1
Let p(h) = h**3 + 11*h**2 + 11*h - 1. Determine p(-10).
-11
Let u(j) = -3*j**2 - 2*j + 3. Calculate u(-3).
-18
Let k(f) = f**2 + 7*f - 2. Calculate k(0).
-2
Let y(n) = n + 10. Give y(-16).
-6
Let t(b) = -7*b. Give t(-1).
7
Let c(n) = -4*n - 70. What is c(-17)?
-2
Let f(h) = -6*h - 31. Calculate f(-4).
-7
Let x(j) = -4*j**3 + 6*j**2 + 6*j + 1. Calculate x(-1).
5
Let t(w) = 4*w**2 + 10*w + 28. Calculate t(-5).
78
Let n(c) = 3*c**2 + 9*c - 94. Determine n(6).
68
Let t(j) = -2*j**3 + 8*j**2 + 15*j - 8. Determine t(5).
17
Let q(v) = -2*v - 11. Give q(-7).
3
Let r(z) = z**2 - 5*z + 9. Give r(5).
9
Let c(w) = 2*w**3 - 12*w**2 + 2*w + 3. Calculate c(6).
15
Let h(c) = -c**2 - 6*c + 4. What is h(-7)?
-3
Let i(j) = j**3 + 8*j**2 + 5*j + 5. Determine i(-6).
47
Let i(a) = 9*a. Give i(-2).
-18
Let o(u) = 10*u - 5. Determine o(4).
35
Let q(k) = -k**3 - 11*k**2 + k + 32. Determine q(-7).
-171
Let d(x) = -23*x + 128. Calculate d(6).
-10
Let l(b) = b**3 - 7*b**2 + 8*b + 2. What is l(6)?
14
Let n(b) = -b + 2. Determine n(-3).
5
Let n(k) = -3*k**3 - 8*k**2 + 2*k + 3. Give n(-3).
6
Let r(h) = 3*h**3 + h**2 + 2*h + 25. What is r(0)?
25
Let d(k) = -16*k + 120. Determine d(7).
8
Let n(l) = -l**3 - 7*l**2 - 18*l - 45. Calculate n(-5).
-5
Let k(d) = -10*d - 134. Give k(-18).
46
Let k(h) = h + 35. Calculate k(-11).
24
Let m(s) = -33*s**3 - 2*s**2 + 2*s - 1. Give m(1).
-34
Let m(u) = 2*u**2 - 7*u - 3. Give m(6).
27
Let u(r) = r - 9. Calculate u(4).
-5
Let g(p) = 2*p**2 - 5*p - 8. Calculate g(4).
4
Let g(v) = 3*v - 3. Give g(2).
3
Let a(u) = -u + 15. What is a(13)?
2
Let s(h) = h**2 - 7*h - 10. Calcula